 of 157003572 and 3579.
3579
Calculate the highest common factor of 24592403 and 1573.
121
Calculate the greatest common divisor of 11817 and 452790.
117
Calculate the highest common factor of 616722 and 724.
2
What is the greatest common factor of 5427860 and 40?
20
What is the greatest common factor of 518463 and 84447?
99
Calculate the greatest common divisor of 27251068 and 102.
34
What is the greatest common divisor of 134652934 and 12246?
4082
What is the greatest common factor of 343532312 and 152?
152
What is the highest common divisor of 408963 and 5417278?
5927
What is the greatest common divisor of 3728 and 2166803072?
3728
What is the highest common factor of 317352896 and 736?
736
Calculate the greatest common factor of 1787475 and 3165.
15
What is the highest common divisor of 4 and 679985388?
4
Calculate the greatest common divisor of 21266 and 5362.
14
Calculate the highest common factor of 13171869 and 10416.
93
Calculate the greatest common divisor of 201 and 92787831.
201
What is the highest common factor of 2708160 and 101990?
2170
Calculate the greatest common factor of 43091310 and 1110.
1110
Calculate the highest common divisor of 2492129 and 1542.
257
What is the highest common factor of 2566 and 1038?
2
Calculate the greatest common factor of 3925 and 33675.
25
Calculate the highest common divisor of 854122160 and 9248.
4624
Calculate the greatest common factor of 36 and 1949031.
9
What is the greatest common divisor of 278732669 and 23441?
2131
Calculate the greatest common divisor of 1370910 and 210.
30
Calculate the highest common divisor of 31590 and 14023530.
2430
What is the greatest common divisor of 114536205 and 21?
21
What is the greatest common divisor of 6 and 14741409?
3
Calculate the highest common factor of 126 and 126171822.
42
Calculate the greatest common divisor of 8660426 and 42.
2
What is the greatest common factor of 2902189 and 5797?
527
Calculate the greatest common divisor of 69127497 and 3429.
1143
What is the highest common divisor of 4427 and 348365?
19
Calculate the highest common factor of 1095 and 4137567.
219
Calculate the greatest common factor of 14 and 19391813.
7
What is the highest common divisor of 15 and 9164895?
15
Calculate the highest common factor of 4185 and 469935.
135
What is the highest common factor of 1213 and 1038828969?
1213
What is the greatest common divisor of 91 and 19455852?
13
Calculate the greatest common factor of 869 and 1185632.
79
Calculate the highest common divisor of 632212 and 169778.
938
What is the greatest common divisor of 81856 and 2752?
64
What is the highest common factor of 262223860 and 25440?
1060
Calculate the greatest common factor of 104713686 and 16856.
4214
Calculate the greatest common divisor of 28 and 6942764.
4
Calculate the highest common factor of 64558669 and 63.
7
What is the highest common factor of 9918 and 54210135?
1653
What is the greatest common divisor of 65172 and 127572?
12
Calculate the highest common factor of 41 and 12103815.
41
Calculate the greatest common factor of 9 and 13851540.
9
What is the highest common factor of 9256160 and 1230?
410
Calculate the highest common divisor of 696 and 382239024.
696
What is the greatest common divisor of 290914 and 639314?
1742
What is the greatest common factor of 582 and 25356?
6
What is the highest common divisor of 3564 and 1571031?
99
Calculate the highest common divisor of 231 and 3782064.
33
Calculate the highest common factor of 301 and 94052.
7
Calculate the highest common factor of 36171240 and 15960.
840
What is the highest common factor of 3790020 and 3870?
1290
Calculate the highest common divisor of 133 and 247457539.
133
Calculate the highest common divisor of 148909255 and 605.
605
Calculate the highest common divisor of 1078 and 3398.
2
What is the highest common divisor of 1103 and 100198?
1
Calculate the greatest common factor of 245098 and 1247589.
2009
Calculate the highest common divisor of 281934 and 575.
23
Calculate the highest common factor of 2921479 and 11517.
3839
Calculate the highest common factor of 93 and 20585209.
31
Calculate the greatest common divisor of 1688626 and 369.
41
Calculate the highest common factor of 4306555 and 440.
55
What is the highest common divisor of 124818 and 472902?
1758
What is the highest common divisor of 1509274620 and 560?
140
Calculate the greatest common factor of 804046880 and 686.
686
Calculate the highest common divisor of 5007989 and 10777.
829
Calculate the greatest common factor of 1168735701 and 7791.
7791
Calculate the greatest common divisor of 2118 and 64744083.
1059
Calculate the greatest common factor of 145056 and 60864.
96
What is the greatest common divisor of 156538 and 6436918?
1886
Calculate the greatest common divisor of 7688317 and 469.
469
Calculate the highest common factor of 238 and 56367934.
14
Calculate the highest common factor of 146875150 and 4.
2
Calculate the greatest common divisor of 20211667 and 461314.
2779
Calculate the highest common factor of 7630 and 335680.
10
What is the greatest common divisor of 25970992 and 46736?
2032
Calculate the greatest common divisor of 1595648 and 13708.
92
Calculate the greatest common factor of 68085 and 104499.
153
Calculate the highest common divisor of 2441233 and 12614.
53
Calculate the greatest common factor of 12891 and 7557.
3
Calculate the greatest common divisor of 28 and 4698876.
28
Calculate the highest common factor of 6760 and 1717703.
13
What is the greatest common factor of 3900 and 522132?
156
Calculate the greatest common divisor of 147406050 and 3880.
970
Calculate the greatest common factor of 869676 and 5732244.
6348
Calculate the greatest common divisor of 498 and 85516560.
498
Calculate the highest common divisor of 55 and 35799313.
11
What is the highest common factor of 2688 and 437696?
448
Calculate the greatest common factor of 1965781 and 3.
1
Calculate the greatest common factor of 6140 and 5545.
5
What is the greatest common divisor of 3 and 9582207?
3
What is the greatest common divisor of 1315997 and 57?
19
What is the greatest common factor of 7039490 and 4300?
10
What is the greatest common factor of 8762 and 28678?
26
Calculate the greatest common divisor of 19188 and 1459584.
36
Calculate the greatest common divisor of 48744388 and 176.
44
Calculate the greatest common divisor of 471397889 and 991.
991
What is the highest common factor of 19275974 and 2?
2
Calculate the highest common factor of 246722 and 1414.
14
What is the greatest common divisor of 49109090 and 1870?
170
Calculate the greatest common factor of 59934 and 521661.
21
Calculate the greatest common divisor of 5963 and 930965.
67
Calculate the greatest common factor of 1706111 and 4642.
11
What is the highest common factor of 12121868 and 15004?
1364
What is the highest common factor of 117276108 and 144?
12
Calculate the highest common factor of 63838951 and 6138.
341
What is the highest common divisor of 114 and 453816?
6
What is the greatest common divisor of 1481580 and 6?
6
Calculate the highest common factor of 1414 and 905618.
14
Calculate the greatest common divisor of 606771928 and 31.
31
What is the highest common factor of 523716 and 60?
12
Calculate the greatest common divisor of 5054464 and 44424.
4936
Calculate the greatest common factor of 14976 and 1659008.
1664
Calculate the highest common divisor of 1077177 and 24649.
157
Calculate the greatest common factor of 242 and 1761958.
22
What is the highest common divisor of 697214936 and 176?
88
Calculate the highest common factor of 317993564 and 4.
4
Calculate the highest common factor of 5303 and 4.
1
Calculate the greatest common divisor of 846959610 and 3106.
3106
What is the highest common factor of 1781094 and 56?
14
Calculate the highest common factor of 32 and 14757120.
32
Calculate the highest common divisor of 450 and 50978925.
225
Calculate the greatest common divisor of 47996 and 5231848.
284
What is the highest common factor of 54305304 and 94?
94
Calculate the highest common divisor of 30500 and 873500.
500
Calculate the highest common factor of 744 and 29524524.
372
Calculate the greatest common factor of 7782 and 17448.
6
Calculate the greatest common divisor of 14